6. Let i(m) = m**3 + 9*m**2 - m - 9. Let t be i(b). Let l(p) = p - 2. Determine l(t).
-2
Let o be 44/2 - (1 + -3). Suppose 4*k = -0*j + 4*j - o, -4*k - 3*j = -4. Let g(p) = p**3 + 2*p**2 + 1. What is g(k)?
1
Let y = 33 - 37. Let x(l) = -3*l + 5. Give x(y).
17
Let w(m) = -m - 1. Let p(i) = 5*i + 4. Let s(n) = -p(n) - 6*w(n). Let q(c) = 3*c + 3. Let g(h) = 2*q(h) - 5*s(h). Determine g(-4).
-8
Let n(k) = -k - 10. Let i = -5 + -1. Let a(c) = c. Let h be a(i). Calculate n(h).
-4
Let l(m) = -m + 6. Let z(h) = -2*h + 12. Let o(x) = -5*l(x) + 3*z(x). Let c be o(5). Let y(j) = -j - 1. Calculate y(c).
-2
Let t(u) = u. Let k = -3 + -3. Let h be k/4*(-8)/3. Calculate t(h).
4
Let d(h) = -4*h - 6. Let a(i) = -7*i - 11. Let y(g) = 3*a(g) - 5*d(g). Determine y(-6).
3
Let a(q) = -4*q - 2. Let p(v) = 5*v + 4. Let r(x) = -x + 1. Let y(z) = -p(z) - 6*r(z). Let g be y(8). Determine a(g).
6
Let f(m) be the second derivative of m**5/60 + m**4/12 + m**3/3 + m**2/2 - 2*m. Let q(p) be the first derivative of f(p). Calculate q(-3).
5
Let j(f) = 6*f - 6. Let v(t) = -7*t + 6. Let n(u) = -6*j(u) - 5*v(u). What is n(5)?
1
Let u(v) = -v**3 + 4*v**2 - 3*v + 6. Let r = 10 - 11. Let o(y) = y**2 + y. Let q(c) = r*u(c) - o(c). Suppose 20 = 3*x + x. Give q(x).
4
Let d(u) be the second derivative of u**8/3360 + u**7/630 + u**6/180 + u**5/60 - u**4/4 - 5*u. Let s(n) be the third derivative of d(n). Give s(-2).
-6
Let x(a) = -2*a - 1 + 2 + 0 - 6. What is x(6)?
-17
Let y(b) = b**2 - 2*b + 2. Suppose -v - 18 = 5*p, -4*v + 2*p + 17 = 1. Give y(v).
2
Let g(c) be the second derivative of c**5/20 + c**4/6 - c**3/2 + c**2 - 15*c. What is g(-3)?
2
Suppose 55*k = 60*k + 20. Let h(p) = -p**2 - 4*p - 3. Calculate h(k).
-3
Let d(g) be the second derivative of g**4/12 - 4*g**3/3 + 7*g**2/2 + 12*g. What is d(6)?
-5
Let y(s) = 2*s + 1. Suppose 3*t + 20 = 5. Calculate y(t).
-9
Let k(s) = -s + 9. Let g(d) = d - 9. Let p(o) = -5*g(o) - 6*k(o). Calculate p(4).
-5
Let w(g) = -2*g**2 - 1 - 1 + 3*g**2 - g**3 + g. Let n be (-21)/(-14) - (-13)/(-2). Let j be (10/n)/((-2)/(-2)). What is w(j)?
8
Let n(a) = 2 - 4 + 3. Let z(r) = -r - 7. Let o(l) = 5*n(l) + z(l). Determine o(-5).
3
Let p(i) = 0 - 4*i + 5*i - 2 - 3*i. Let w(j) = -5*j - 3. Let l(t) = 7*p(t) - 3*w(t). Calculate l(4).
-1
Let h(a) = a**2 + 6*a - 3. Let l(t) = -t**2 - 6*t + 3. Let g(n) = -5*h(n) - 6*l(n). Calculate g(-4).
-11
Suppose 2*x - 5 = 3. Suppose k + 3 = f + x, 3*k = 15. Let s(y) = y**3 - 5*y**2 + 3*y - 1. Give s(f).
-5
Let n(i) = -i**2 + 4. Let u(z) = z**2 - z. Let x(o) = -n(o) - 2*u(o). Give x(4).
-12
Suppose -3*p + 17 = 20. Let g(m) = -m. Let l(y) = 4*y + 4. Let q(z) = p*l(z) - 3*g(z). Determine q(-5).
1
Let o(v) = 2*v + 1 - v + 5*v + v**2 - 4*v. Calculate o(-4).
9
Suppose 3*f - 11 = -4*u - 1, 5*f - u = -14. Let x = -2 + f. Let i(q) = q**3 + 4*q**2 - 2*q - 2. Calculate i(x).
6
Suppose -q = 4*s - 10, 4*q + 4*s - 9*s + 23 = 0. Let f(o) = -3*o**2 - 4*o - 2. What is f(q)?
-6
Let w(t) = -t**3 + t**2 - t - 8. Let l(n) = n**2 - n + 1. Let i(u) = -4*l(u) - w(u). What is i(4)?
8
Let w(f) = -f**2 + 3*f + 2. Let z = 6 - 2. Calculate w(z).
-2
Let s(m) = 5*m**2 - 5*m**2 + m**2 - 5 + m. Give s(0).
-5
Let b(c) = -2*c - 5 - 2*c + 8*c. Let p(j) = 2*j**3 - 2*j**2 + 3*j - 2. Let q be p(2). Let m(s) = -10*s + 12. Let x(z) = q*b(z) + 5*m(z). Give x(-1).
2
Let l(n) = -5*n**3 + 10*n**2 + 5*n - 16. Let i(p) be the first derivative of -p**4/4 + 2*p**3/3 + p**2/2 - 3*p + 5. Let m(d) = 11*i(d) - 2*l(d). What is m(3)?
-7
Let z(a) = a**3 - 4*a**2 - 5*a + 2. Let y = 11 + -6. Suppose 0 = -w + y. Calculate z(w).
2
Let o(d) = -10*d**2 - 2 + 0*d**2 + 9*d**3 + 9*d - 8*d**3. Give o(9).
-2
Let j(l) = -9*l + 3. Let u be 2*(-2 + 1)*-2. Let y(r) = 3*r + 0 + 5*r - 3 + 0. Let s(b) = u*y(b) + 3*j(b). What is s(2)?
7
Let n be (3/3 + 2)/((-9)/(-15)). Let u(q) be the second derivative of -1/12*q**4 - 3*q**2 - 1/6*q**3 - q + 0 - 1/20*q**n. Calculate u(0).
-6
Let v(q) = -6*q - 4*q**2 + 8*q**2 + 3*q**2 - q**3 - 6. Determine v(6).
-6
Let u(g) = g**2 + 5*g + 2. Let i be ((-8)/16)/((-2)/4). Let l = 2 + i. Let t be (2 - 20/6)*l. Calculate u(t).
-2
Suppose 5 + 0 = 5*y. Let f(a) = 9*a - 20. Let h(q) = 3*q - 7. Suppose 0*k = 3*k - 51. Let s(l) = k*h(l) - 6*f(l). What is s(y)?
-2
Let n(i) be the second derivative of i**4/12 - i**3 - i**2/2 - 2*i. Let q be (-1)/(44/(-20) + 2). Give n(q).
-6
Let w(s) = 0 + 7*s**2 + 8*s**2 + 2 - s - 16*s**2. What is w(0)?
2
Let q(g) = -g**3 + 6*g**2 - 7*g + 7. Let z(a) = -a**3 - 5*a**2 + 11*a + 4. Let y be z(-7). Let p = 30 - y. Calculate q(p).
-3
Let y(u) be the second derivative of u**5/20 - u**4/12 + 9*u**2/2 - 4*u. What is y(0)?
9
Let p(n) be the second derivative of 5*n**4/6 + n**3/6 + n**2/2 + 7*n. Calculate p(-1).
10
Let x = -2 - 2. Let k = -7 - x. Let h(l) be the third derivative of -l**5/60 - l**4/12 - 2*l**3/3 - l**2. What is h(k)?
-7
Let i = 20 + -17. Suppose 5 = -i*v + 2*t - 2, 3*t = 6. Let b(j) = -j**3 - j. Give b(v).
2
Let p(o) be the second derivative of -o**3/3 - 7*o**2/2 - 6*o. Calculate p(-5).
3
Let m(z) = z**3 - 4*z**2 - 7*z + 4. Let y be -30*(-4)/8*(-2)/(-6). Give m(y).
-6
Let g(c) be the third derivative of c**4/8 + 2*c**3/3 + 11*c**2. Determine g(3).
13
Let z(r) = 2*r + 14. Suppose -26*o + 96 = 382. Calculate z(o).
-8
Let b(r) be the third derivative of -2*r**5/15 + r**3/6 - 7*r**2. What is b(-1)?
-7
Suppose 4*l - 3*l - 4*d = -15, 5*l + 45 = 5*d. Let n = 10 + l. Let i(f) = -f + 4. Give i(n).
1
Suppose 6 = -c - 2*c. Let a(w) be the first derivative of -w**3/3 - w**2 + w + 32. Determine a(c).
1
Let h = 1 + 1. Suppose 4*o + 0 = 8. Let l(t) = -o*t - t**2 - 4*t + 4 + 7*t - 2. Determine l(h).
0
Let g = -1 - -5. Let c(w) = 7*w**2 - 2*w - 6*w**3 + 2*w**3 - 3*w**2 + 3*w**3. Determine c(g).
-8
Let g(u) = 4*u + 1. Let q(p) = -7*p - 1. Let a(h) = -10*g(h) - 6*q(h). Suppose -5*f + 28 = -12*f. Calculate a(f).
-12
Let z(o) = -o + 1. Let i be (-5 - 2) + (2 - 1). Let c(y) = -y - 3. Let m be c(i). Determine z(m).
-2
Let u = -87 + 90. Let o(p) be the second derivative of -u*p + 2/3*p**3 + 0 + 1/2*p**2 + 1/6*p**4. What is o(-3)?
7
Let t(s) = -28 - s + 31 - 7*s - s**2. Let q be 26/(-6) - (-4)/(-6). Give t(q).
18
Let h(q) = -q**2 + 1 + 4*q + 3 - 4. Let k be h(4). Let j(o) = o**2 - o - 10. What is j(k)?
-10
Let p(w) = -2*w**2 - 9*w + 2. Let a be p(-4). Let d(o) = -o**3 + 7*o**2 - 5*o - 4. Determine d(a).
2
Let r be 4*(-2)/(4 + -2). Let n(u) = 2*u + 1. Let x be (3/6)/((-2)/4). Let g(d) = -1. Let a(k) = x*n(k) + 2*g(k). Give a(r).
5
Let j(v) = v**3 - 4*v**2 - 4*v - 5. Suppose 4*g = -g + 25. Let b be j(g). Let c(q) = 0*q**2 + q**2 - 5 + q - q**3 - 2*q**2. Determine c(b).
-5
Let o be (3/(-5))/(1/(-5)). Suppose -4*m - o*d + 25 = 0, -2*m + 7*m - 14 = 2*d. Let s(h) = -h**2 + 4*h - 2. Determine s(m).
-2
Let b(k) be the second derivative of k**6/120 - k**5/10 + k**4/6 + k**3/3 + k**2 - k. Let n(q) be the first derivative of b(q). Determine n(5).
-3
Let b be (2/(-6)*0)/(-3). Suppose w - 2*w = b. Let c(z) = z - 1. Let h(o) = -o + 4. Let v(t) = -2*c(t) - h(t). What is v(w)?
-2
Let p(j) = -j**2 + 7*j - 5. Let u = -7 - -10. Suppose 0*w - 39 = -u*w. Suppose w + 2 = 3*a. Calculate p(a).
5
Let b(a) = a - 3. Let n(q) = q**2 - 9*q + 11. Let j be 1 + 1 - -3 - -2. Let c be n(j). What is b(c)?
-6
Let p(o) = o - 2. Let a be (-517)/55 - (-4)/10. Let j(t) = -1. Let f(n) = n + 8. Let g(u) = f(u) - 4*j(u). Let i be g(a). What is p(i)?
1
Let p(r) = -7 - 1 - 5*r + 2*r + 2*r. Let q be p(-10). Let u(o) = -o**2 + 3*o. Give u(q).
2
Let j be (4 + 2)/(-3) + 6. Let s(v) be the second derivative of -v**5/20 + v**4/4 + v**2 - 2*v. Give s(j).
-14
Let m(h) be the first derivative of -h**2 - 3*h + 2. Suppose -4*q = 3*l - 11, 0*l - l - 18 = -3*q. Give m(l).
3
Let f(x) = -x**2 + 5*x + 3. Suppose 26*d = 21*d + 30. What is f(d)?
-3
Let a(h) = -3*h**2 - 12*h + 6 + 9 + 2*h**2. Determine a(-13).
2
Let o be 16/10*105/6. Let v = o + -7. Suppose v - 6 = 5*l. Let k(w) = w**3 - 2*w**2 - 4*w - 1. Give k(l).
-4
Let y be 30/4*8/(-12). Let r(s) = s**2 + 4*s - 5. Let c be r(y). Let w(a) = a - 6. Give w(c).
-6
Let a(b) = b + 2. Suppose -2 = -p - 3. What is a(p)?
1
Let j(k) = -k**2 + 8*k - 2. Let w = 187 - -189. Let x be w/64 - (-2)/16. Calculate j(x).
10
Let c(k) = -k**2 - 4*k + 1. Let m(q) = -q**3 + 2*q**2 + 2*q + 1. 